{"id":8,"date":"2020-04-07T20:43:22","date_gmt":"2020-04-07T20:43:22","guid":{"rendered":"http:\/\/supervisionspraxis-keck-augsburg.de\/?page_id=8"},"modified":"2020-04-16T17:58:38","modified_gmt":"2020-04-16T17:58:38","slug":"zur-person","status":"publish","type":"page","link":"https:\/\/supervisionspraxis-keck-augsburg.de\/?page_id=8","title":{"rendered":"Zur Person"},"content":{"rendered":"\n<p><strong>Christian Keck * 1967<br><\/strong><br>Promovierter P\u00e4dagoge; Psychologe M.Sc., Schwerpunkt Entwicklungs- und Lernpsychologie, Klinische Psychologie<\/p>\n\n\n\n<p>Ausbildungen in systemischer Supervision (bei Peter Nemetschek) sowie in Mediation und Familientherapie (beim VFT M\u00fcnchen), Zulassung zur heilkundlichen Aus\u00fcbung von Psychotherapie (HPG); Mitglied der Deutschen Gesellschaft f\u00fcr Supervision (DGSv), der Deutschen Gesellschaft f\u00fcr Familientherapie (DGSF) und der Arbeitsstelle kokon f\u00fcr konstruktive Konfliktbearbeitung (AG der ELKB);<\/p>\n\n\n\n<p>Langj\u00e4hrige Beratungst\u00e4tigkeit in psychosozialen Beratungsstellen<\/p>\n\n\n\n<p>Koordinations- und Leitungserfahrung in verschiedenen Funktionen: als Fachreferent f\u00fcr Sozialpsychiatrie bei einem kirchlichen Dachverband, als regionaler Psychiatrie-Koordinator bei einer \u00fcber\u00f6rtlichen Gebietsk\u00f6rperschaft, als Gesch\u00e4ftsf\u00fchrer einer Besch\u00e4ftigungsfirma f\u00fcr beeintr\u00e4chtigte Menschen, als Koordinator in einem Netzwerk f\u00fcr Pflege und Hospiz<\/p>\n\n\n\n<p>Lehr- und Moderationserfahrung als Dozent und Wissenschaftlicher Mitarbeiter f\u00fcr P\u00e4dagogik und Psychologie an Universit\u00e4t, Fachhochschule, Berufsakademie und Schule<\/p>\n\n\n\n<p>Nebenberuflich seit vielen Jahren freier Supervisor in der Fall- und Team-Supervision, Coaching und Organisationsentwicklung in den Bereichen: Sozialpsychiatrie, Jugend-\/Familienhilfe, ambulante und station\u00e4re Kranken-\/Alten-Pflege, Hospiz, Behindertenhilfe, Sozialberatung, Arztpraxen\/Krankenh\u00e4user, Sozialprojekten, Pfarrgemeinden, Integrationsfirmen, Heilmittel-Dienstleistern, Kulturinstituten, Selbstverwaltungsk\u00f6rperschaften etc.<\/p>\n\n\n\n<p>Zudem langj\u00e4hrige Erfahrungen als Systemischer Therapeut, Paar-, Familien- und Lerntherapeut in eigener Praxis<\/p>\n","protected":false},"excerpt":{"rendered":"<p>Christian Keck * 1967Promovierter P\u00e4dagoge; Psychologe M.Sc., Schwerpunkt Entwicklungs- und Lernpsychologie, Klinische Psychologie Ausbildungen in systemischer Supervision (bei Peter Nemetschek) sowie in Mediation und Familientherapie (beim VFT M\u00fcnchen), Zulassung zur heilkundlichen Aus\u00fcbung von Psychotherapie (HPG); Mitglied der Deutschen Gesellschaft f\u00fcr Supervision (DGSv), der Deutschen Gesellschaft f\u00fcr Familientherapie (DGSF) und der Arbeitsstelle kokon f\u00fcr konstruktive Konfliktbearbeitung&hellip;<a href=\"https:\/\/supervisionspraxis-keck-augsburg.de\/?page_id=8\" class=\"more-link\">Continue reading <span class=\"screen-reader-text\">Zur Person<\/span><\/a><\/p>\n","protected":false},"author":1,"featured_media":0,"parent":0,"menu_order":0,"comment_status":"closed","ping_status":"closed","template":"","meta":{"footnotes":""},"_links":{"self":[{"href":"https:\/\/supervisionspraxis-keck-augsburg.de\/index.php?rest_route=\/wp\/v2\/pages\/8"}],"collection":[{"href":"https:\/\/supervisionspraxis-keck-augsburg.de\/index.php?rest_route=\/wp\/v2\/pages"}],"about":[{"href":"https:\/\/supervisionspraxis-keck-augsburg.de\/index.php?rest_route=\/wp\/v2\/types\/page"}],"author":[{"embeddable":true,"href":"https:\/\/supervisionspraxis-keck-augsburg.de\/index.php?rest_route=\/wp\/v2\/users\/1"}],"replies":[{"embeddable":true,"href":"https:\/\/supervisionspraxis-keck-augsburg.de\/index.php?rest_route=%2Fwp%2Fv2%2Fcomments&post=8"}],"version-history":[{"count":2,"href":"https:\/\/supervisionspraxis-keck-augsburg.de\/index.php?rest_route=\/wp\/v2\/pages\/8\/revisions"}],"predecessor-version":[{"id":173,"href":"https:\/\/supervisionspraxis-keck-augsburg.de\/index.php?rest_route=\/wp\/v2\/pages\/8\/revisions\/173"}],"wp:attachment":[{"href":"https:\/\/supervisionspraxis-keck-augsburg.de\/index.php?rest_route=%2Fwp%2Fv2%2Fmedia&parent=8"}],"curies":[{"name":"wp","href":"https:\/\/api.w.org\/{rel}","templated":true}]}}

<p><strong>Christian Keck * 1967<br></strong><br>Promovierter Pädagoge; Psychologe M.Sc., Schwerpunkt Entwicklungs- und Lernpsychologie, Klinische Psychologie</p>



<p>Ausbildungen in systemischer Supervision (bei Peter Nemetschek) sowie in Mediation und Familientherapie (beim VFT München), Zulassung zur heilkundlichen Ausübung von Psychotherapie (HPG); Mitglied der Deutschen Gesellschaft für Supervision (DGSv), der Deutschen Gesellschaft für Familientherapie (DGSF) und der Arbeitsstelle kokon für konstruktive Konfliktbearbeitung (AG der ELKB);</p>



<p>Langjährige Beratungstätigkeit in psychosozialen Beratungsstellen</p>



<p>Koordinations- und Leitungserfahrung in verschiedenen Funktionen: als Fachreferent für Sozialpsychiatrie bei einem kirchlichen Dachverband, als regionaler Psychiatrie-Koordinator bei einer überörtlichen Gebietskörperschaft, als Geschäftsführer einer Beschäftigungsfirma für beeinträchtigte Menschen, als Koordinator in einem Netzwerk für Pflege und Hospiz</p>



<p>Lehr- und Moderationserfahrung als Dozent und Wissenschaftlicher Mitarbeiter für Pädagogik und Psychologie an Universität, Fachhochschule, Berufsakademie und Schule</p>



<p>Nebenberuflich seit vielen Jahren freier Supervisor in der Fall- und Team-Supervision, Coaching und Organisationsentwicklung in den Bereichen: Sozialpsychiatrie, Jugend-/Familienhilfe, ambulante und stationäre Kranken-/Alten-Pflege, Hospiz, Behindertenhilfe, Sozialberatung, Arztpraxen/Krankenhäuser, Sozialprojekten, Pfarrgemeinden, Integrationsfirmen, Heilmittel-Dienstleistern, Kulturinstituten, Selbstverwaltungskörperschaften etc.</p>



<p>Zudem langjährige Erfahrungen als Systemischer Therapeut, Paar-, Familien- und Lerntherapeut in eigener Praxis</p>

<p>Christian Keck * 1967Promovierter Pädagoge; Psychologe M.Sc., Schwerpunkt Entwicklungs- und Lernpsychologie, Klinische Psychologie Ausbildungen in systemischer Supervision (bei Peter Nemetschek) sowie in Mediation und Familientherapie (beim VFT München), Zulassung zur heilkundlichen Ausübung von Psychotherapie (HPG); Mitglied der Deutschen Gesellschaft für Supervision (DGSv), der Deutschen Gesellschaft für Familientherapie (DGSF) und der Arbeitsstelle kokon für konstruktive Konfliktbearbeitung&hellip;<a href="https://supervisionspraxis-keck-augsburg.de/?page_id=8" class="more-link">Continue reading <span class="screen-reader-text">Zur Person</span></a></p>
